37 - -64. Let u = -14 + y. What is the remainder when u is divided by w?
6
Suppose 2*g + 0*k + 3*k + 1 = 0, 5*g - 5*k = 35. Suppose 16 - 84 = -g*y. What is the remainder when 31 is divided by y?
14
Suppose d - 45 = -28. Calculate the remainder when 49 is divided by d.
15
Let h(j) = 4 + 5*j + 0*j - 1 - j**2. Calculate the remainder when 8 is divided by h(5).
2
Let c = 44 + 62. What is the remainder when c is divided by 22?
18
What is the remainder when 38 is divided by (6/4 + 2)/(3/18)?
17
Let r = 0 + 4. Let g = r + 1. Suppose -u + q = 6*q - 22, -3*u + 14 = 2*q. Calculate the remainder when g is divided by u.
1
Let n(r) = r**2 - 10*r + 13. Suppose -5*t + 17 = -48. What is the remainder when n(11) is divided by t?
11
Let y be 31 + -1*(-12)/(-4). Suppose 2*v = -y + 94. Calculate the remainder when v is divided by 18.
15
Let z(j) = -j**2 - 5*j + 8. Let n be z(-6). Suppose n*d = 5*d - 33. Calculate the remainder when 20 is divided by d.
9
Let l = -16 - -17. Suppose -l = -b + 12. Calculate the remainder when b is divided by 3*2 + (-1 - 0).
3
Let z = 45 - 25. Suppose -2 + z = w. Let a = w - 10. What is the remainder when 14 is divided by a?
6
Let d(s) = s**2 - 7*s + 6. Let y be d(6). Suppose 2*w - 8 = -y*w. Let j = -5 - -7. What is the remainder when w is divided by j?
0
Suppose 2*n - 511 = 3*n. Calculate the remainder when 28 is divided by 2/5 + n/(-35).
13
Suppose -s - l + 1 = -0*s, 2*l + 4 = -s. Let b = 3 - -13. What is the remainder when b is divided by s?
4
Let y(f) be the third derivative of -f**4/24 + f**3/3 - f**2. What is the remainder when 19 is divided by y(-8)?
9
What is the remainder when 138*(0 + 2/4) is divided by 20?
9
Let f(b) = -3*b**3 + b**2 + 2*b + 1. Let w be f(-1). Suppose w*a + 4*g - 11 = 0, 2 = a + g - 2. Calculate the remainder when 13 is divided by a.
3
Let g(j) = 3*j**2 + 4*j**2 - 2*j - 5 + j**3 - 2*j - j**2. Calculate the remainder when g(-6) is divided by 10.
9
Suppose -5*k = 3*n - 20, -n = k - 7 + 1. Calculate the remainder when k + -1 + 5/1 is divided by 0/(-2) + (0 - -2).
1
Suppose 0 = -4*d + 3*h - h + 70, d - 7 = 4*h. What is the remainder when d is divided by 7?
5
Let q = 20 - 13. Calculate the remainder when 16 + 1/1 - -1 is divided by q.
4
Let b(v) = v**3 - 3*v**2 - 4*v + 2. Let d(l) = -l**2 + 4*l + 5. What is the remainder when d(0) is divided by b(4)?
1
Let n = 5 - 0. Suppose 22 + 6 = 4*q + 2*b, -45 = -n*q - 5*b. What is the remainder when 18 is divided by q?
3
Suppose -4*i + 68 = -208. What is the remainder when i is divided by 24?
21
Calculate the remainder when (42/18)/(1/12) is divided by 15.
13
What is the remainder when 260/4 + 0 - 3 is divided by 22?
18
Suppose 4*m - 9 = -1. Suppose 0*n = 2*n - 152. Suppose 2*g - n = -m*g + 4*y, 3*g = y + 57. What is the remainder when g is divided by 7?
5
Suppose -y - 85 = -3*z - 23, 2*z - 4*y = 58. What is the remainder when 75 is divided by z?
18
Suppose 10 - 6 = i. Suppose 0 = -i*o + 2*s + 14, -2*o = 2*o + 5*s - 7. Calculate the remainder when 25 is divided by 13 + (-3)/o + -3.
7
Let k = 109 + -80. Suppose 3*h = 20 - 2. What is the remainder when k is divided by h?
5
Let l be (-2)/(-3 - -2) - 7. Calculate the remainder when -16*(-3 - (l + 3)) is divided by 6.
4
Let l = -4 + 4. Let j = l + 22. Calculate the remainder when j is divided by 8.
6
Let r = -13 + 27. Let k = r + 15. Let d = -15 + k. What is the remainder when 26 is divided by d?
12
Let o = -17 - -21. Suppose -3*b + 12 = -0*b. Let c = b + -1. Calculate the remainder when o is divided by c.
1
Let t(j) = j - 6. Let b be t(6). Suppose -4*w + 0*w - 8 = b, -3*w + 19 = 5*f. Suppose 4 + 86 = f*y. Calculate the remainder when 34 is divided by y.
16
Let a be (-3)/1 + 3 + 3. Suppose 36 + 12 = a*t. Calculate the remainder when 47 is divided by t.
15
Suppose 3*k - 6*k + 183 = 0. Calculate the remainder when k is divided by 33.
28
Let v(o) = -11*o. What is the remainder when 54 is divided by v(-1)?
10
Let r be 3/(-1 + (-7)/(-4)). Suppose -122 = -r*i - 30. Calculate the remainder when 90 is divided by i.
21
Let n(c) = c**2 + 5. Let t be n(0). Let d = t + 14. What is the remainder when d is divided by 10?
9
Suppose 4*f - 2*f = 4. Calculate the remainder when 2 is divided by f.
0
Suppose r + 3*m - 31 - 28 = 0, -3*m = -9. Suppose q - r = -4*q. Let i(t) = 2*t**2 + 9*t. What is the remainder when i(-6) is divided by q?
8
Let h(q) = q**2 - 6*q + 9. Let d be (70/20)/(1/2). Calculate the remainder when 31 is divided by h(d).
15
Suppose -2*s = -5*s + 45. Let x(p) = 2*p + 1. Let r be x(2). Suppose -56 - 164 = -r*v. Calculate the remainder when v is divided by s.
14
Suppose 0*o = 4*o + 12, -2*s = -o - 157. What is the remainder when s is divided by 20?
17
What is the remainder when 3/(-4) - 412/(-16) is divided by 9?
7
Suppose 4*i - 22 + 6 = 0. Calculate the remainder when 7 is divided by i.
3
Suppose -2*v + 139 = -37. Calculate the remainder when v is divided by 13.
10
Let f = 853 + -598. Suppose -5*m = 0, 5*n - 2*m = -4*m + f. Calculate the remainder when n is divided by 18.
15
Suppose -m - r = -5, -m + 4*r + 31 = 6. Calculate the remainder when 16 is divided by m.
7
Let o(x) = 2*x - 1. Suppose -8 = -4*g - 0. Let j(v) = -v**3 - 7*v**2 + 6*v - 9. What is the remainder when j(-8) is divided by o(g)?
1
Let w = 67 - 41. Calculate the remainder when w is divided by 14.
12
Suppose 2*n - 10 = -0. Suppose -43 - 52 = -n*q. Calculate the remainder when q is divided by 11.
8
Suppose 3 = -k + 8. Suppose k = 4*r - 3. Suppose -t + r*t + b - 14 = 0, -5*b = 4*t - 52. What is the remainder when 51 is divided by t?
15
Suppose 0*y - 74 = -2*y. Suppose d + y = 3*d - 5*i, -3*d = 2*i - 65. Calculate the remainder when 40 is divided by d.
19
Let y = 211 + -195. What is the remainder when y is divided by 10?
6
Suppose i - 99 = -2*i. Calculate the remainder when 97 is divided by i.
31
Let a(f) = -6*f**2 - 8*f. Let d(s) = 7*s**2 + 9*s + 1. Let c(z) = -6*a(z) - 5*d(z). What is the remainder when c(-9) is divided by 13?
10
Let p(k) = -k**2 - 32*k - 13. Suppose 3*g + 3*a - 27 = 0, 3*g - 41 = 4*a + 7. Calculate the remainder when p(-30) is divided by g.
11
Let a(n) = 3*n**2 + 7*n + 4. Let i = 359 + -344. Calculate the remainder when a(-5) is divided by i.
14
Let p(g) = -g**3 + 3*g**2 + 4*g - 2. Let q be p(3). Calculate the remainder when (-1)/((q/6)/(-5)) is divided by 3.
0
Let o(q) = -6*q - 1. Let d(k) = k**2 + 51*k + 192. What is the remainder when o(-1) is divided by d(-4)?
1
Suppose 0*z - 5*z = -3*j + 55, -2*z - 18 = -j. Calculate the remainder when 12 is divided by j*-1*(-6)/24.
2
Let x = 208 + -139. Calculate the remainder when x is divided by 36.
33
Let t(w) = -w**3 + 8*w**2 - 5*w - 1. What is the remainder when t(7) is divided by 5?
3
Let b(r) = -4*r + 2. Let y be (-2)/(-3) + (-22)/6. Let o be b(y). Let s = o - 2. What is the remainder when 22 is divided by s?
10
Suppose 2*m + 0*m + 128 = 0. Let s = -39 - m. What is the remainder when s is divided by 14?
11
Let m(o) = o**3 + 5*o**2 + 3*o. Let a(i) = 4*i - 7. Calculate the remainder when a(8) is divided by m(-3).
7
Let n(h) = -h**3 - 12*h**2 - 16*h - 13. Let d be n(-11). Suppose 2*t = -3*r + d, 3*t - 21 + 7 = -r. What is the remainder when 39 is divided by r?
11
Let u = -88 - -168. Let n = -42 + u. What is the remainder when n is divided by (3 - -36)/(-3)*(1 - 2)?
12
Let n be ((-848)/(-4))/((-4)/(-6)). Suppose -n = -0*i - 3*i. Calculate the remainder when 31 is divided by i/10 - 8/(-20).
9
Let t = 15 - -35. Suppose 3*f = -2*f + 85. What is the remainder when t is divided by f?
16
Let n(j) be the third derivative of -j**6/120 + 11*j**5/60 - 13*j**4/24 + j**3/3 - 5*j**2. Calculate the remainder when n(9) is divided by 25.
22
Let g = 16 - -12. Suppose 3*o = -2*o + 3*y + 43, -3*o = -4*y - g. Suppose 3*c - 2*c = o. Calculate the remainder when 22 is divided by c.
6
Let q(o) = -o**3 + 9*o**2 + 3. Let l be q(9). Suppose -22 = -l*y + y. What is the remainder when y is divided by 4?
3
Suppose -71 = -4*w + 137. Calculate the remainder when w is divided by 18.
16
Let v(t) be the first derivative of -5*t**2 - 1. What is the remainder when v(-3) is divided by 16?
14
Suppose m + 4 = -5*c - 9, -2*m + c + 7 = 0. What is the remainder when 43 is divided by ((-88)/(-12))/(m/3)?
10
Suppose 2*w - 10 = -z - 4*z, -2*z + w 